ainder when y(4) is divided by s.
11
Let j = 102 + -40. What is the remainder when j is divided by 25?
12
Let r = 12 - 23. What is the remainder when (r/(-4))/((-5)/(-20)) is divided by 3?
2
Suppose -y = -6*y + 20. Let f be 30/25 - (-1)/(-5). Let g = y - f. What is the remainder when 7 is divided by g?
1
Suppose 0 = -i - 3*a - 13, i + i + 21 = -5*a. Calculate the remainder when i is divided by 1.
0
Let b = -35 + 52. Calculate the remainder when 50 is divided by b.
16
Let t = -26 + 43. What is the remainder when t is divided by 10?
7
Let c(h) = -h**3 + h + 1. Let w be c(-2). Suppose -p + 12 - w = 0. Calculate the remainder when 9 is divided by p.
4
Suppose 3*q - 491 = -194. What is the remainder when q is divided by 18?
9
Let p(r) = r**2 + 1 + 9*r + 7 + 0*r**2. Let v = 0 - 9. Calculate the remainder when p(v) is divided by 3.
2
Let m be (30 + 3)*(-1 - 0). Let r = m - -47. Calculate the remainder when 26 is divided by r.
12
Suppose 56 = 4*r - 3*u, u = -4*u - 20. Suppose -6*f + f + 100 = 0. Calculate the remainder when f is divided by r.
9
Let i = -47 + 72. What is the remainder when 48 is divided by i?
23
Suppose a + 2*g = -2, -1 = a - 2*g - 7. What is the remainder when 13 is divided by 5 - (-3)/a*2?
5
Let u(j) = j - 7. Let y be u(8). Let x(m) = 24*m**3 - 2*m**2 + 1. Let k be x(y). Suppose 0 = a - k. Calculate the remainder when a is divided by 12.
11
Suppose 0 = 2*z, -2*z + 5 + 3 = w. Calculate the remainder when 14 is divided by w.
6
Let n = 161 + -66. Suppose -2*b + 3*b = -4*p + 133, 0 = -b + 5*p + 178. Let v = b - n. Calculate the remainder when v is divided by 20.
18
Let o be 2/(-1)*(-4)/1. Suppose o*u = 3*u + 20. Suppose 0*q + u*q - 64 = 0. What is the remainder when q is divided by 6?
4
What is the remainder when 43 is divided by (0 - -1)/((-2)/(-24) + 0)?
7
Suppose -19 = -2*g + 29. Let a = 32 - 19. Calculate the remainder when g is divided by a.
11
Let q(l) = -l**2 - 7*l - 7. Let o be q(-5). Suppose 8*v - 25 = o*v. Suppose -5*g + 65 = 5*u, -3*u - v*g = -g - 36. What is the remainder when u is divided by 9?
7
What is the remainder when 70 - (1/(-1) - -2) is divided by 18?
15
What is the remainder when 72 is divided by ((-30)/9)/((-6)/45)?
22
Let l(x) = x**3 + 9*x**2 - 28*x - 22. Calculate the remainder when l(-11) is divided by 18.
8
What is the remainder when ((-513)/2)/9*-2 is divided by 15?
12
Suppose -5*p = -9 + 4. Suppose -p + 5 = q. Suppose 0 = g + 5, 0 = -4*o - 3*g - g + 24. Calculate the remainder when o is divided by q.
3
Let c = 121 + -65. What is the remainder when c is divided by 12?
8
Suppose -178*h = -179*h + 19. Calculate the remainder when 75 is divided by h.
18
Suppose 4*a = 5 - 1. Let v(q) = -a + 0 - q + 13. Calculate the remainder when 22 is divided by v(0).
10
Suppose -5*y - 15 = -j - 89, -4*y + 58 = -2*j. Calculate the remainder when y is divided by 8.
7
Let l(r) = 3*r**2 + 18*r - 31. What is the remainder when 97 is divided by l(-9)?
47
Let i = -5 - -7. What is the remainder when (-3 - 33/(-3))/i is divided by 2?
0
Let k = -89 - -54. Let v = -9 - k. Calculate the remainder when v is divided by 14.
12
Let t = 43 - 10. Calculate the remainder when 164 is divided by t.
32
Let t = -46 + 60. Calculate the remainder when 250/6 - (-2)/(-3) is divided by t.
13
Let a be 3/2*(0 - -2). Let p be -12 - a/(3/(-2)). Let h(g) = -g + 9. Calculate the remainder when h(p) is divided by 10.
9
Suppose 19 = 2*d - 5*f, 21 = 3*d - f - 4*f. Suppose d = -5*o + 77. What is the remainder when -2*(-3 + (-46)/4) is divided by o?
14
Let x = -2 - -1. Let u be (x/2)/((-1)/6). Suppose -u*b + 69 = 21. Calculate the remainder when b is divided by 6.
4
Suppose -4*l - 15 = -5*w, -3*l + 5*w - 10 = -0*l. Let v(m) = -m**2 - 6*m + 5. Calculate the remainder when ((-10)/(-4) - 3)*648/(-18) is divided by v(l).
8
Suppose -3*j + 58 = 5*b, -5*j + 50 = 5*b - 30. Let d = -4 + j. Suppose 9 + d = 2*x. Calculate the remainder when 22 is divided by x.
6
Suppose -3*q - 3*h - 6 = 0, 4 + 2 = -3*q - 2*h. Let i = q - -5. Let n = i - -10. Calculate the remainder when n is divided by 7.
6
Suppose 0*k + 10 = -5*k - 5*w, 2*k = -3*w - 7. Let d = 8 + -4. Calculate the remainder when -3 + k - -4 - -5 is divided by d.
3
Let a(z) = z**2 + 13*z + 10. What is the remainder when 19 is divided by a(-13)?
9
Let j(t) = -51*t**3 - t**2 - 4*t - 3. Calculate the remainder when j(-1) is divided by 5*(-1 + 46/10).
15
Suppose -4*p - 3*s + 40 = s, 0 = 5*p - 5*s - 20. What is the remainder when 18 is divided by p?
4
Suppose -6*d = -3*i - d - 33, 4*i - 4*d + 52 = 0. Let c = -10 - i. What is the remainder when 11 is divided by c?
5
Calculate the remainder when 34 is divided by (-17 + -1)*2/(-4).
7
Let v(h) = h**3 + 3*h**2 - 5*h. Let n be v(-4). Suppose n*a = 40 + 4. What is the remainder when 18 is divided by a?
7
Suppose c + 1 = 7. What is the remainder when c + -8 + 50/1 is divided by 17?
14
Let x = 32 - 13. What is the remainder when 1 - (1 + (3 - 77)) is divided by x?
17
Let c(s) = 7*s + 32. Calculate the remainder when c(8) is divided by 18.
16
Suppose 3*y = 8 + 10. Let a = y - 6. Suppose a = -u - 4*u + 80. What is the remainder when u is divided by 6?
4
Let v(b) = b**2 + 4*b + 5. Let i be v(5). Suppose -5*x = -7*x + i. What is the remainder when x is divided by (3/(-2) - 0)*-6?
7
Let o(t) = -t**2 + 7*t. Suppose 53 = 5*u - 122. What is the remainder when u is divided by o(3)?
11
What is the remainder when 26 is divided by (4/(-6))/(2/(42*-1))?
12
Suppose 4*i - 3*r - 28 = -i, 0 = -4*i - r + 36. What is the remainder when 46 is divided by i?
6
Let t = 88 - -6. What is the remainder when t is divided by 24?
22
Suppose -4*m - n = 2*n - 12, -3*m + n + 9 = 0. Let y be (2 - 0 - 1) + m. Suppose 0*l = y*l - 36. What is the remainder when 25 is divided by l?
7
Suppose w + 2 = -2*r, -12 - 5 = -5*w - r. Suppose -j - 2 = -3*j. Calculate the remainder when 9 + 1 - (-2 + j) is divided by w.
3
Let b = -13 + 19. Suppose 4*q + 5*a - 61 = 0, 8*q = 3*q + 5*a + 20. Calculate the remainder when q is divided by b.
3
Let f(w) = 3*w + 4. What is the remainder when f(2) is divided by 8?
2
Let u = -108 + 201. Suppose 0 = -2*q + 3*q, -3*y + 3*q = -u. Let o = 14 - -2. Calculate the remainder when y is divided by o.
15
Let f = -5 - -25. Suppose -4*s + 2 = 2*w, -3*w - w + 4*s = f. Let p = w + 6. Calculate the remainder when 8 is divided by p.
2
Let m(j) = 3*j + 1. Let g be m(14). Suppose -4*p - t + 5*t - 100 = 0, -t + 112 = -4*p. Let b = g + p. What is the remainder when 53 is divided by b?
11
Suppose -184 = -5*g + 3*x, 2*g + 2*g - 134 = -2*x. Suppose -4*j = u + 5, 11 - g = 3*u + 3*j. Let b = u + 25. Calculate the remainder when b is divided by 9.
7
Suppose 2*x + 0 = -3*i + 12, 4*x - 14 = -i. Suppose -i = 5*h + 4*c, -7 + 20 = -h - 5*c. Calculate the remainder when h is divided by 2.
0
Calculate the remainder when ((-14)/10)/(3/(-75)) is divided by 10.
5
Let d be 192/(-9) - (-2)/6. Let h = d - -29. Calculate the remainder when h*(9/6)/3 is divided by 3.
1
Suppose 0 = c - 2*n - 7 - 4, -3*n - 18 = -2*c. Suppose 3*a + x = -0*x + 23, a - 21 = -c*x. Suppose 2*t = 3*t - 11. What is the remainder when t is divided by a?
5
Let j(z) = z**3 + 13*z**2 + 8. What is the remainder when j(-13) is divided by 5?
3
Let o(i) = 11*i - 5. Let d be o(4). Let v be (-1)/(36/d + -1). Suppose -v = -4*x + 3*x. What is the remainder when x is divided by 5?
3
Let q(a) = -a**3 - 7*a**2 - 4*a - 20. What is the remainder when 29 is divided by q(-7)?
5
Let u(q) = -q**2 + 2*q + 1. Let s be u(-2). Let l(f) = -f**2 + 6*f - 1. Let i be l(6). Let t = i - s. What is the remainder when t is divided by 4?
2
Let c = -3 + 3. Suppose -5*h + 3*v + 113 = 0, 2*h + 2*v - 17 - 25 = c. Let y(m) = m**3 - 3*m**2 + 7*m. What is the remainder when y(5) is divided by h?
19
Let c(h) = -h**2 + 13*h - 17. Suppose 8 + 28 = 4*d. What is the remainder when d is divided by c(11)?
4
Let n(y) be the second derivative of -y**5/20 - y**4/2 - 2*y**3/3 - 5*y**2/2 - y. Calculate the remainder when n(-6) is divided by 10.
9
Let m(d) = 3*d + 94. Suppose -5*c - 32 + 97 = 0. What is the remainder when c is divided by m(-29)?
6
Let h(g) = -g**2 + 8*g - 3. Let q be (-94)/(-14) - (-4)/14. Let d be h(q). Suppose d*p - p = 30. Calculate the remainder when p is divided by 6.
4
What is the remaind